{"id":36,"date":"2018-05-20T18:24:01","date_gmt":"2018-05-20T18:24:01","guid":{"rendered":"https:\/\/jmmasociados.com\/?page_id=36"},"modified":"2018-05-20T20:30:16","modified_gmt":"2018-05-20T20:30:16","slug":"nosotros","status":"publish","type":"page","link":"https:\/\/jmmasociados.com\/index.php\/nosotros\/","title":{"rendered":"Nosotros"},"content":{"rendered":"<div id=\"pl-36\"  class=\"panel-layout\" ><div id=\"pg-36-0\"  class=\"panel-grid panel-has-style\" ><div class=\"siteorigin-panels-stretch panel-row-style panel-row-style-for-36-0\" style=\"padding: 100px 0; \" data-stretch-type=\"full-stretched\" data-overlay=\"true\" ><div id=\"pgc-36-0-0\"  class=\"panel-grid-cell\" ><div id=\"panel-36-0-0-0\" class=\"so-panel widget widget_sow-hero panel-first-child panel-last-child\" data-index=\"0\" ><div style=\"text-align: left;\" data-title-color=\"#443f3f\" data-headings-color=\"#443f3f\" class=\"panel-widget-style panel-widget-style-for-36-0-0-0\" ><div\n\t\t\t\n\t\t\tclass=\"so-widget-sow-hero so-widget-sow-hero-default-81741d735408-36\"\n\t\t\t\n\t\t>\t\t\t\t<div class=\"sow-slider-base\" style=\"display: none\" tabindex=\"0\">\n\t\t\t\t\t<ul\n\t\t\t\t\tclass=\"sow-slider-images\"\n\t\t\t\t\tdata-settings=\"{&quot;pagination&quot;:true,&quot;speed&quot;:800,&quot;timeout&quot;:8000,&quot;paused&quot;:false,&quot;pause_on_hover&quot;:false,&quot;swipe&quot;:false,&quot;nav_always_show_desktop&quot;:&quot;&quot;,&quot;nav_always_show_mobile&quot;:&quot;&quot;,&quot;breakpoint&quot;:&quot;780px&quot;,&quot;unmute&quot;:false,&quot;anchor&quot;:null}\"\n\t\t\t\t\t\t\t\t\t\tdata-anchor-id=\"\"\n\t\t\t\t>\t\t<li class=\"sow-slider-image  sow-slider-image-cover\" style=\"visibility: visible;;background-color: #ffffff\" >\n\t\t\t\t\t<div class=\"sow-slider-image-container\">\n\t\t\t<div class=\"sow-slider-image-wrapper\">\n\t\t\t\t<h1 style=\"text-align: center\">Contadores y Auditores<\/h1>\n\t\t\t<\/div>\n\t\t<\/div>\n\t\t<div class=\"sow-slider-image-overlay sow-slider-image-cover\" style=\"opacity: 0.5;background-image: url(http:\/\/layouts.siteorigin.com\/wp-content\/uploads\/2015\/11\/write-593333_1920.jpg#1920x1135)\"  ><\/div>\t\t<\/li>\n\t\t<\/ul>\t\t\t\t<ol class=\"sow-slider-pagination\">\n\t\t\t\t\t\t\t\t\t\t\t<li><a href=\"#\" data-goto=\"0\" aria-label=\"Display slide 1\"><\/a><\/li>\n\t\t\t\t\t\t\t\t\t<\/ol>\n\n\t\t\t\t<div class=\"sow-slide-nav sow-slide-nav-next\">\n\t\t\t\t\t<a href=\"#\" data-goto=\"next\" aria-label=\"Next slide\" data-action=\"next\">\n\t\t\t\t\t\t<em class=\"sow-sld-icon-thin-right\"><\/em>\n\t\t\t\t\t<\/a>\n\t\t\t\t<\/div>\n\n\t\t\t\t<div class=\"sow-slide-nav sow-slide-nav-prev\">\n\t\t\t\t\t<a href=\"#\" data-goto=\"previous\" aria-label=\"Previous slide\" data-action=\"prev\">\n\t\t\t\t\t\t<em class=\"sow-sld-icon-thin-left\"><\/em>\n\t\t\t\t\t<\/a>\n\t\t\t\t<\/div>\n\t\t\t\t<\/div><\/div><\/div><\/div><\/div><\/div><\/div><div id=\"pg-36-1\"  class=\"panel-grid panel-has-style\" ><div class=\"siteorigin-panels-stretch panel-row-style panel-row-style-for-36-1\" style=\"padding: 5% 0; \" data-stretch-type=\"full\" data-overlay=\"true\" ><div id=\"pgc-36-1-0\"  class=\"panel-grid-cell\" ><div id=\"panel-36-1-0-0\" class=\"so-panel widget widget_sow-headline panel-first-child\" data-index=\"1\" ><div style=\"text-align: left;\" data-title-color=\"#443f3f\" data-headings-color=\"#443f3f\" class=\"panel-widget-style panel-widget-style-for-36-1-0-0\" ><div\n\t\t\t\n\t\t\tclass=\"so-widget-sow-headline so-widget-sow-headline-default-4eee745bf24d-36\"\n\t\t\t\n\t\t><div class=\"sow-headline-container \">\n\t\t\t\t\t\t\t<h3 class=\"sow-sub-headline\">\n\t\t\t\t\t\tQuienes Somos\t\t\t\t\t\t<\/h3>\n\t\t\t\t\t\t<\/div>\n<\/div><\/div><\/div><div id=\"panel-36-1-0-1\" class=\"so-panel widget widget_sow-editor\" data-index=\"2\" ><div style=\"text-align: left;\" data-title-color=\"#443f3f\" data-headings-color=\"#443f3f\" class=\"panel-widget-style panel-widget-style-for-36-1-0-1\" ><div\n\t\t\t\n\t\t\tclass=\"so-widget-sow-editor so-widget-sow-editor-base\"\n\t\t\t\n\t\t>\n<div class=\"siteorigin-widget-tinymce textwidget\">\n\t<p>JMM &amp; Asociados es una firma de Auditor\u00eda y Contabilidad, Asesor\u00eda impositivas, Financieras, Presupuestos y Planes Financieros, ubicada en Santiago, Rep\u00fablica Dominicana, debidamente registrada en la C\u00e1mara de comercio, Direcci\u00f3n General de Impuestos Internos y en el Institutos de Contadores P\u00fablico Autorizado de la R.D Tel. 809-575-3154, Email:mar.josema@gmail.com<\/p>\n<\/div>\n<\/div><\/div><\/div><div id=\"panel-36-1-0-2\" class=\"so-panel widget widget_sow-editor\" data-index=\"3\" ><div style=\"text-align: left;\" data-title-color=\"#443f3f\" data-headings-color=\"#443f3f\" class=\"panel-widget-style panel-widget-style-for-36-1-0-2\" ><div\n\t\t\t\n\t\t\tclass=\"so-widget-sow-editor so-widget-sow-editor-base\"\n\t\t\t\n\t\t>\n<div class=\"siteorigin-widget-tinymce textwidget\">\n\t<h2>JOSE MANUEL MARTINEZ<\/h2>\n<p><img decoding=\"async\" loading=\"lazy\" class=\"alignnone size-full wp-image-83\" src=\"https:\/\/jmmasociados.com\/wp-content\/uploads\/2018\/05\/am.jpg\" alt=\"\" width=\"172\" height=\"240\" \/><\/p>\n<p>Egresado de la Universidad Tecnol\u00f3gica de Santiago (UTESA) con el grado de Licenciado en Contabilidad en el a\u00f1o 1989.Experiencia Laboral en Contabilidad General y Gerencia Financiera por m\u00e1s de 17 a\u00f1os en empresas Comerciales, Industriales, de Servicios y Zonas Francas.Ha realizado entrenamiento a nivel nacional e internacional en materia de Contabilidad, Auditoria, Finanzas, Gerencia y Liderazgo.Miembro del Instituto de Contadores P\u00fablicos Autorizados de la Rep\u00fablica Dominicana (ICPARD) y Ex-presidente 1998-2000 de la Filial Santiago.Contador P\u00fablico Autorizado (C. P. A.), Presidente de JMM &amp;\u00a0Asociados<\/p>\n<\/div>\n<\/div><\/div><\/div><div id=\"panel-36-1-0-3\" class=\"so-panel widget widget_sow-editor panel-last-child\" data-index=\"4\" ><div style=\"text-align: left;\" data-title-color=\"#443f3f\" data-headings-color=\"#443f3f\" class=\"panel-widget-style panel-widget-style-for-36-1-0-3\" ><div\n\t\t\t\n\t\t\tclass=\"so-widget-sow-editor so-widget-sow-editor-base\"\n\t\t\t\n\t\t>\n<div class=\"siteorigin-widget-tinymce textwidget\">\n\t<h2><strong>Carmen Lidia Pichardo<\/strong><\/h2>\n<p>&nbsp;<\/p>\n<p>\u2022Egresada de la Universidad Tecnol\u00f3gica de Santiago (UTESA) con el grado de Licenciado en Contabilidad en el a\u00f1o 1995.<br \/>\n\u2022Experiencia Laboral en Contabilidad General, impuesto y Gerencia Financiera por m\u00e1s de 12 a\u00f1os<br \/>\n\u2022Ha realizado entrenamiento a nivel nacional en materia de Contabilidad, Auditoria, Finanzas, impuesto y Liderazgo.<br \/>\n\u2022Miembro del Instituto de Contadores P\u00fablicos Autorizados de la Rep\u00fablica Dominicana (ICPARD)<br \/>\n\u2022Contadora P\u00fablica Autorizada (C. P .A.)<\/p>\n<\/div>\n<\/div><\/div><\/div><\/div><div id=\"pgc-36-1-1\"  class=\"panel-grid-cell\" ><div id=\"panel-36-1-1-0\" class=\"so-panel widget widget_sow-headline panel-first-child\" data-index=\"5\" ><div style=\"text-align: left;\" data-title-color=\"#443f3f\" data-headings-color=\"#443f3f\" class=\"panel-widget-style panel-widget-style-for-36-1-1-0\" ><div\n\t\t\t\n\t\t\tclass=\"so-widget-sow-headline so-widget-sow-headline-default-4eee745bf24d-36\"\n\t\t\t\n\t\t><div class=\"sow-headline-container \">\n\t\t\t\t\t\t\t<h3 class=\"sow-sub-headline\">\n\t\t\t\t\t\tNosotros\t\t\t\t\t\t<\/h3>\n\t\t\t\t\t\t<\/div>\n<\/div><\/div><\/div><div id=\"panel-36-1-1-1\" class=\"so-panel widget widget_sow-editor panel-last-child\" data-index=\"6\" ><div style=\"text-align: left;\" data-title-color=\"#443f3f\" data-headings-color=\"#443f3f\" class=\"panel-widget-style panel-widget-style-for-36-1-1-1\" ><div\n\t\t\t\n\t\t\tclass=\"so-widget-sow-editor so-widget-sow-editor-base\"\n\t\t\t\n\t\t>\n<div class=\"siteorigin-widget-tinymce textwidget\">\n\t<div class=\"widget-content\">MISION<br \/>\nSomos una firma de contadores, orientada a la peque\u00f1a y media empresa y especializada en auditor\u00edas, contabilidad, impuestos, asesor\u00eda financiera y planes de negocios, para empresas comerciales, industriales, de servicios y sin Fines de Lucro.<\/p>\n<p>VISION<br \/>\nSer una firma reconocida por su compromiso \u00e9tico, su alto grado de profesionalismos, su cumplimiento efectivo y su mejoramiento continuo de su trabajo<\/p>\n<p>VALORES<br \/>\n* Etica Profesional.<br \/>\n*Trabajo en equipo.<br \/>\n*Cumplimiento efectivo.<br \/>\n*Atenci\u00f3n Personalizada.<br \/>\n*Transparencia.<br \/>\n*Servicio extraordinario.<br \/>\n*Mejora continua.<br \/>\n*Tecnologia e Innovaci\u00f3n.<br \/>\n*Flexibilidad Organizativa.<\/p>\n<\/div>\n<\/div>\n<\/div><\/div><\/div><\/div><\/div><\/div><\/div>","protected":false},"excerpt":{"rendered":"<p>JMM &amp; Asociados es una firma de Auditor\u00eda y Contabilidad, Asesor\u00eda impositivas, Financieras, Presupuestos y Planes Financieros, ubicada en Santiago, Rep\u00fablica Dominicana, [&hellip;]<\/p>\n","protected":false},"author":3,"featured_media":0,"parent":0,"menu_order":0,"comment_status":"closed","ping_status":"closed","template":"","meta":[],"_links":{"self":[{"href":"https:\/\/jmmasociados.com\/index.php\/wp-json\/wp\/v2\/pages\/36"}],"collection":[{"href":"https:\/\/jmmasociados.com\/index.php\/wp-json\/wp\/v2\/pages"}],"about":[{"href":"https:\/\/jmmasociados.com\/index.php\/wp-json\/wp\/v2\/types\/page"}],"author":[{"embeddable":true,"href":"https:\/\/jmmasociados.com\/index.php\/wp-json\/wp\/v2\/users\/3"}],"replies":[{"embeddable":true,"href":"https:\/\/jmmasociados.com\/index.php\/wp-json\/wp\/v2\/comments?post=36"}],"version-history":[{"count":8,"href":"https:\/\/jmmasociados.com\/index.php\/wp-json\/wp\/v2\/pages\/36\/revisions"}],"predecessor-version":[{"id":87,"href":"https:\/\/jmmasociados.com\/index.php\/wp-json\/wp\/v2\/pages\/36\/revisions\/87"}],"wp:attachment":[{"href":"https:\/\/jmmasociados.com\/index.php\/wp-json\/wp\/v2\/media?parent=36"}],"curies":[{"name":"wp","href":"https:\/\/api.w.org\/{rel}","templated":true}]}}